ist the prime factors of r.
7, 1741
Suppose j - 10 = 2*t, 6*j - 15 = 11*j + 3*t. Let a be (-2547)/(-6) + (-2)/4. Suppose j = 5*z - a + 34. What are the prime factors of z?
2, 3, 13
Let s(w) = 17*w - 1. Let a be s(7). Let q = a + 55. List the prime factors of q.
173
Suppose -18*q = -21*q, 0 = -5*c + 4*q + 52880. List the prime factors of c.
2, 661
Let w be 30/(-8)*136/(-102). Suppose -w*d - 83 - 866 = -4*g, -1182 = -5*g + 2*d. What are the prime factors of g?
2, 59
Let k = 48 + -41. Let u(x) = 46*x + 73. What are the prime factors of u(k)?
5, 79
Let c = 39751 + -6274. What are the prime factors of c?
3, 11159
List the prime factors of -5 + (7 - 6) + (45408 - (6 + -4)).
2, 3, 7, 23, 47
Let k = 23994 + -14217. List the prime factors of k.
3, 3259
What are the prime factors of (76360/69)/((-4)/(-288))?
2, 3, 5, 83
Let l be -1*2 - 32/(-4). Suppose -9*a = -l*a - 555. Let c = a - 99. What are the prime factors of c?
2, 43
Let b(g) = -2*g**2 + g + 10. Let r be b(-4). Let z(c) = c**3 + 26*c**2 - 16*c - 15. What are the prime factors of z(r)?
401
Let d = -62597 + 145962. What are the prime factors of d?
5, 16673
What are the prime factors of -12 + 0 + 5 + 13913?
2, 17, 409
Suppose 3*k = -0*k - o + 10, -5*k + 14 = -o. Suppose 0 = -2*p - y + 132, k*y = -0*p + p - 66. List the prime factors of p - 4*6/8.
3, 7
Let k = -3017 + 6155. What are the prime factors of k?
2, 3, 523
Let c = 14102 + 13455. Suppose 46335 = 49*a - c. List the prime factors of a.
2, 13, 29
Suppose 88 = 6*l + 58. List the prime factors of (-13 - l)/(3/(-76)).
2, 3, 19
Suppose 151*x = 145*x + 4338. Suppose 4*f = 941 + x. List the prime factors of f.
2, 13
Let y(p) = 90*p + 2. Let x be y(-2). Let k = 255 + x. Suppose g - 2*g + 317 = 4*q, g - k = -q. List the prime factors of q.
2, 5
Suppose 31*t + 145*t = -165*t + 19330267. What are the prime factors of t?
56687
Suppose 5*p - 18 = -2*r + 6*r, -4*p - 3*r = -2. Let c(u) = u**3 - 13*u**2 - 136*u + 22. Let i be c(-7). What are the prime factors of 2/(-6) - p*565/i?
2, 47
Suppose -25*s + 19*s = -204. List the prime factors of (-85)/s*2484/(-15).
2, 3, 23
Suppose -5*i + 47 = -3*r - 7*i, -r - 9 = 4*i. Suppose n + 2*n = -330. Let h = r - n. What are the prime factors of h?
3, 31
Suppose 3*o - 3005 = -4*n, -1005 = -o + 9*n - 11*n. Suppose -988*m = -o*m + 7455. List the prime factors of m.
3, 5, 71
Let y be 0/((0 - -5) + -3). Suppose 0*r - 4*r = y, 4*k - 892 = -5*r. What are the prime factors of k?
223
Suppose -236 = 4*t - 4*q, 2*t - 3*q + 118 = 2*q. Let s = t - 27. Let d = s - -156. What are the prime factors of d?
2, 5, 7
Let f be 15 + (-3 - 0) + 6. Let y be f/10 - (63/35 + -2). Suppose 12 = 4*r, -5*r + 312 = l + y*l. What are the prime factors of l?
3, 11
Let g be (-33 - (-4 + 6))*-1. Suppose -7*m + 77 = -g. Suppose 3*f + m*y = 11*y + 84, 0 = -2*f - 5*y + 61. What are the prime factors of f?
23
Let a(w) = w + 4. Let g be a(-1). Suppose 0 = -15*u + g*u + 1440. What are the prime factors of u?
2, 3, 5
Let g = -927 + 938. Suppose -2*l + 3728 + 2142 = 4*z, -4*l + 4390 = 3*z. Suppose b - g*b + z = 0. List the prime factors of b.
3, 7
List the prime factors of (-6)/(-2)*174/(-261)*19471/(-2).
19471
Suppose 978 = -23*t + 20*t. Let z = -127 - t. What are the prime factors of z?
199
Let d(y) = 3*y**2 - 3*y + 2. Let z be d(1). Suppose -z*f - 3*f + 3045 = q, 0 = -2*f - 4*q + 1218. List the prime factors of f.
3, 7, 29
Let g(s) be the first derivative of s**4/4 + 5*s**3/3 + 7*s**2 - 40*s + 57. What are the prime factors of g(6)?
2, 5, 11
Let o = 102532 - 13691. What are the prime factors of o?
73, 1217
Let j(o) = o**3 - 86*o**2 - 938*o + 163. List the prime factors of j(102).
70951
Suppose 0 = 5*t - 2*r - 2078, 13*r = t + 8*r - 411. Let d = t - -77. List the prime factors of d.
17, 29
Let c be ((-10)/4)/((-9)/72). Suppose 0 = -5*o + c, t - o + 4*o = 190. Suppose -4*b = -114 - t. What are the prime factors of b?
73
Let d be (-20)/(-6)*6/(-4). Let q be d + (-284)/(-1 + 3). List the prime factors of 4/(-14) - 34881/q.
3, 79
Suppose 8*n = 70103 + 36337 - 37320. What are the prime factors of n?
2, 3, 5
Suppose -d - 779 - 154 = 0. Let a = -660 - d. What are the prime factors of a?
3, 7, 13
Let o = -767 - -383. What are the prime factors of -5 - (o/3 + -3)?
2, 3, 7
Let c(y) = -13*y + y + 18 + 1. Let x(p) = -12*p + 19. Let a(w) = 5*c(w) - 6*x(w). What are the prime factors of a(8)?
7, 11
Suppose -4*y = x - 26686, -4*y - 133310 = -29*x + 24*x. What are the prime factors of x?
2, 67, 199
Suppose 5 = -h, -2*a - 5*h = -5*a + 112. Let r = 32 - a. Suppose j - r*j + 110 = 0. What are the prime factors of j?
5, 11
Suppose -5*m - 5 = 5. Let h be 3 - 4 - (6 + m). What are the prime factors of ((-4)/h)/((-2)/(-105))?
2, 3, 7
Let o(z) = -2*z**3 + 8*z**2 - 5*z + 24. Let u be o(4). Suppose 711 = u*p - 3*d, 6*d = 4*d - 2. List the prime factors of p.
3, 59
Let h = 229 + -112. Suppose -14*j = -h - 65. Let k(m) = 2*m**2 - 26*m + 6. What are the prime factors of k(j)?
2, 3
Let b(j) = -10*j**3 + 5*j**2 - 17*j - 11. Let v(i) = -11*i**3 + 4*i**2 - 17*i - 12. Let m(x) = 2*b(x) - 3*v(x). List the prime factors of m(5).
2, 3, 31
Let m be 504/(-60)*210/3. Let s = -400 - m. List the prime factors of s.
2, 47
Let h = 11 - -5. Let u be 16 - h - (4/(-1))/1. What are the prime factors of 35*2*u/8?
5, 7
Suppose -231*m = -227*m + 1648. Let y(i) = -3*i**3 - 9*i**2 - 2*i + 10. Let u be y(-7). Let r = u + m. List the prime factors of r.
2, 5
Let f = 278 - 174. Let p = f + 113. List the prime factors of p.
7, 31
Let v(a) = 11*a**3 - 9*a**2 - 32*a - 15. What are the prime factors of v(7)?
3, 1031
Let r = -440 - -712. Suppose -5*w + r = l, 4*l - 3*w + 333 = 1352. List the prime factors of l.
257
Let t(z) be the third derivative of 1121*z**5/60 - 7*z**4/24 - 7*z**3/6 - 2*z**2 - 27. List the prime factors of t(-1).
19, 59
Suppose 13*l + 308 - 48 = 0. List the prime factors of (l/(-1))/(-4) - -150.
5, 29
Let c(d) = d. Let s be c(4). Suppose 0 = s*w + 330 - 1678. What are the prime factors of w?
337
Let b = -47 - -42. Let h(g) = g**2 - g + 1. Let a(d) = -8*d**2 + 14*d - 25. Let f(p) = b*h(p) - a(p). What are the prime factors of f(8)?
2, 5, 7
Let a be 2/4 + -1 - (-6666)/12. Suppose -6 + 0 = -3*c. Suppose -7*y + a = -c*y. What are the prime factors of y?
3, 37
Let m(j) = 6*j - 10. Let c be m(8). Let n(x) = 11*x - 328. Let d be n(30). Let a = d + c. What are the prime factors of a?
2, 5
Let r be (26/52)/((-9)/4 - -2). Let a be (-10)/(-35)*(5 - r). Suppose -v + 3*j = -2*j - 111, -2*j = a*v - 174. List the prime factors of v.
7, 13
Let b = 307 + -192. Suppose 314 = -4*v - d, -4*d + 3 = -5. Let n = v + b. What are the prime factors of n?
2, 3
Let k be (0 - 1/(-1))/(-1 - -2). Let y(n) = 164*n - 2. List the prime factors of y(k).
2, 3
Let x(v) = 8*v - 20. Let h be x(5). What are the prime factors of 116 + 3 - h/(-5)?
3, 41
Let i(s) = -10 + s + 7*s**2 - 6*s**2 + 0*s. Let p be i(-5). Suppose -5*w = p, -w = 4*t - 8*t + 254. List the prime factors of t.
3, 7
List the prime factors of 2/11 - 262064/(-121).
2, 3, 19
Let w(o) = -41*o - 5. Let c be w(-1). Let g be (-126)/c*-37*6. List the prime factors of (16/6)/(5 + (-3871)/g).
2, 37
Suppose 4*q + 13083 = 3*m, -153*m + 156*m - q - 13092 = 0. List the prime factors of m.
3, 5, 97
Let y(f) = -15*f + 168. Let n be y(11). List the prime factors of n*2665/(-15)*(0 - 1).
13, 41
Let i(n) = 27*n + 150. Let w be i(-6). List the prime factors of (364/8)/((-6)/w).
7, 13
Suppose -319 = 4*p + 5*r, -12*p + r = -7*p + 377. Let q = p + 80. Suppose 3*u = -5*t + 680, -2*t + q*u = -3*t + 153. List the prime factors of t.
7, 19
Let h be (-4 + (-14)/(-4))*-794. Suppose -50 - h = -3*y. What are the prime factors of y?
149
Let z(o) be the first derivative of 11*o**5/120 + 35*o**4/24 - 7*o**3 - 18. Let y(a) be the third derivative of z(a). List the prime factors of y(8).
3, 41
Let h = 10730 - 2606. List the prime factors of h.
2, 3, 677
Suppose -m + 20 = 4*t, -5*m - 5*t = -27 - 58. Suppose -m*p + 11*p = -10. List the prime factors of -4 - -45 - (-6)/p.
2, 11
Suppose -190839 - 639067 - 357630 = -161*l. List the prime factors of l.
2, 461
Let r(v) = v**3 - 12*v**2 + 11*v + 34. Let d be r(11). Let h = d - -55. What are the prime factors of h?
89
Suppose -100284 = -4*z - 5*f + 49322, 0 = -2*z 